{"id":342,"date":"2026-05-04T01:33:35","date_gmt":"2026-05-04T01:33:35","guid":{"rendered":"https:\/\/ok-sifa.de\/?page_id=342"},"modified":"2026-05-04T02:34:21","modified_gmt":"2026-05-04T02:34:21","slug":"1-arbeitssicherheit","status":"publish","type":"page","link":"https:\/\/ok-sifa.de\/?page_id=342","title":{"rendered":"ARBEITSSICHERHEIT"},"content":{"rendered":"\n<div class=\"inherit-container-width wp-block-group alignfull is-style-ext-preset--group--natural-1--section has-background-background-color has-background is-layout-constrained wp-container-core-group-is-layout-e955bbaf wp-block-group-is-layout-constrained\" style=\"margin-top:0;margin-bottom:0;padding-top:var(--wp--preset--spacing--70);padding-bottom:var(--wp--preset--spacing--70)\">\n<h2 class=\"wp-block-heading has-text-align-center ext-animate--on\">Sichern Sie sich praxisnahe Beratung &amp; nachhaltige Sicherheitserfolge.<\/h2>\n\n\n\n<p class=\"has-text-align-center ext-animate--on\" style=\"margin-top:1.5rem\">Hier erfahren Sie, wie meine Arbeitssicherheitsl\u00f6sungen Ihr Unternehmen sch\u00fctzen und gesetzeskonform st\u00e4rken.<\/p>\n\n\n\n<div class=\"wp-block-columns alignwide is-layout-flex wp-container-core-columns-is-layout-08c01c1c wp-block-columns-is-layout-flex\">\n<div class=\"wp-block-column is-vertically-aligned-stretch ext-animate--on is-layout-flow wp-container-core-column-is-layout-f5bb311e wp-block-column-is-layout-flow\">\n<div class=\"wp-block-group is-style-ext-preset--group--natural-1--item-card-1--align-center is-layout-constrained wp-block-group-is-layout-constrained\">\n<div class=\"wp-block-group is-style-default is-layout-constrained wp-block-group-is-layout-constrained\">\n<figure class=\"wp-block-image aligncenter size-full ext-aspect-landscape wp-duotone-varpresetduotoneprimary-foreground-1\"><img data-opt-id=565162647  fetchpriority=\"high\" decoding=\"async\" width=\"441\" height=\"473\" src=\"https:\/\/ml6mm5zionw2.i.optimole.com\/w:auto\/h:auto\/q:mauto\/f:best\/https:\/\/ok-sifa.de\/wp-content\/uploads\/2026\/04\/Screenshot-2026-04-22-195333-1.jpg\" alt=\"\" class=\"wp-image-117\" style=\"object-fit:cover\" srcset=\"https:\/\/ml6mm5zionw2.i.optimole.com\/w:441\/h:473\/q:mauto\/f:best\/https:\/\/ok-sifa.de\/wp-content\/uploads\/2026\/04\/Screenshot-2026-04-22-195333-1.jpg 441w, https:\/\/ml6mm5zionw2.i.optimole.com\/w:280\/h:300\/q:mauto\/f:best\/https:\/\/ok-sifa.de\/wp-content\/uploads\/2026\/04\/Screenshot-2026-04-22-195333-1.jpg 280w\" sizes=\"(max-width: 441px) 100vw, 441px\" \/><\/figure>\n\n\n\n<h3 class=\"wp-block-heading has-text-align-center\">Sicherheitstechnische Betreuung<\/h3>\n\n\n\n<p class=\"has-text-align-center\">Ich biete individuelle Betreuung, damit Ihr Unternehmen alle Sicherheitsvorschriften effizient erf\u00fcllt und Risiken minimiert.<\/p>\n<\/div>\n<\/div>\n<\/div>\n\n\n\n<div class=\"wp-block-column is-vertically-aligned-stretch ext-animate--on is-layout-flow wp-container-core-column-is-layout-f5bb311e wp-block-column-is-layout-flow\">\n<div class=\"wp-block-group is-style-ext-preset--group--natural-1--item-card-1--align-center is-layout-constrained wp-block-group-is-layout-constrained\">\n<div class=\"wp-block-group is-style-default is-layout-constrained wp-block-group-is-layout-constrained\">\n<figure class=\"wp-block-image aligncenter size-full ext-aspect-landscape wp-duotone-varpresetduotoneprimary-foreground-2\"><img data-opt-id=859868801  fetchpriority=\"high\" decoding=\"async\" width=\"1536\" height=\"1024\" src=\"https:\/\/ml6mm5zionw2.i.optimole.com\/w:auto\/h:auto\/q:mauto\/f:best\/https:\/\/ok-sifa.de\/wp-content\/uploads\/2026\/04\/GB-1.png\" alt=\"Fachkraft f\u00fcr Arbeitssicherheit\" class=\"wp-image-67\" style=\"object-fit:cover\"\/><\/figure>\n\n\n\n<h3 class=\"wp-block-heading has-text-align-center\">Gef\u00e4hrdungsbeurteilungen erstellen<\/h3>\n\n\n\n<p class=\"has-text-align-center\">Pr\u00e4zise Analysen helfen, Gefahren zu erkennen und sichere Arbeitsbedingungen zu gew\u00e4hrleisten.<\/p>\n<\/div>\n<\/div>\n<\/div>\n\n\n\n<div class=\"wp-block-column is-vertically-aligned-stretch ext-animate--on is-layout-flow wp-container-core-column-is-layout-f5bb311e wp-block-column-is-layout-flow\">\n<div class=\"wp-block-group is-style-ext-preset--group--natural-1--item-card-1--align-center is-layout-constrained wp-block-group-is-layout-constrained\">\n<div class=\"wp-block-group is-style-default is-layout-constrained wp-block-group-is-layout-constrained\">\n<figure class=\"wp-block-image aligncenter size-full ext-aspect-landscape wp-duotone-varpresetduotoneprimary-foreground-3\"><img data-opt-id=1268195249  data-opt-src=\"https:\/\/ml6mm5zionw2.i.optimole.com\/w:auto\/h:auto\/q:mauto\/f:best\/https:\/\/ok-sifa.de\/wp-content\/uploads\/2026\/05\/500713325_17886353310271837_7112498381522690598_n.jpg\"  decoding=\"async\" width=\"1401\" height=\"896\" src=\"data:image/svg+xml,%3Csvg%20viewBox%3D%220%200%20100%%20100%%22%20width%3D%22100%%22%20height%3D%22100%%22%20xmlns%3D%22http%3A%2F%2Fwww.w3.org%2F2000%2Fsvg%22%3E%3Crect%20width%3D%22100%%22%20height%3D%22100%%22%20fill%3D%22transparent%22%2F%3E%3C%2Fsvg%3E\" alt=\"\" class=\"wp-image-241\" style=\"object-fit:cover\"\/><\/figure>\n\n\n\n<h3 class=\"wp-block-heading has-text-align-center\">Mitarbeiterschulungen vor Ort<\/h3>\n\n\n\n<p class=\"has-text-align-center\">Meine praxisnahen Schulungen f\u00f6rdern das Bewusstsein und die Kompetenz Ihrer Mitarbeiter im Arbeitsschutz.<\/p>\n<\/div>\n<\/div>\n<\/div>\n<\/div>\n\n\n\n<div class=\"wp-block-buttons ext-animate--on is-content-justification-center is-layout-flex wp-container-core-buttons-is-layout-a89b3969 wp-block-buttons-is-layout-flex\">\n<div class=\"wp-block-button is-style-ext-preset--button--natural-1--button-1\"><a class=\"wp-block-button__link wp-element-button\" href=\"#\">Mehr erfahren<\/a><\/div>\n<\/div>\n\n\n\n<div class=\"inherit-container-width wp-block-group alignfull is-style-ext-preset--group--natural-1--section has-background-background-color has-background is-layout-constrained wp-container-core-group-is-layout-e955bbaf wp-block-group-is-layout-constrained\" style=\"margin-top:0;margin-bottom:0;padding-top:var(--wp--preset--spacing--70);padding-bottom:var(--wp--preset--spacing--70)\">\n<h2 class=\"wp-block-heading has-text-align-center ext-animate--on\">Meine Leistungen auf einen Blick<gwmw style=\"display:none;\"><\/gwmw><\/h2>\n\n\n\n<div class=\"wp-block-columns alignwide is-layout-flex wp-container-core-columns-is-layout-08c01c1c wp-block-columns-is-layout-flex\">\n<div class=\"wp-block-column ext-animate--on is-layout-flow wp-block-column-is-layout-flow\">\n<div class=\"wp-block-group is-style-ext-preset--group--natural-1--item-card-1--align-center is-layout-constrained wp-block-group-is-layout-constrained\">\n<figure class=\"wp-block-image size-full\"><img data-opt-id=449515490  data-opt-src=\"https:\/\/ml6mm5zionw2.i.optimole.com\/w:auto\/h:auto\/q:mauto\/f:best\/https:\/\/ok-sifa.de\/wp-content\/uploads\/2026\/05\/Screenshot-2026-05-03-222654.png\"  decoding=\"async\" src=\"data:image/svg+xml,%3Csvg%20viewBox%3D%220%200%20100%%20100%%22%20width%3D%22100%%22%20height%3D%22100%%22%20xmlns%3D%22http%3A%2F%2Fwww.w3.org%2F2000%2Fsvg%22%3E%3Crect%20width%3D%22100%%22%20height%3D%22100%%22%20fill%3D%22transparent%22%2F%3E%3C%2Fsvg%3E\" alt=\"\" class=\"wp-image-220\" style=\"aspect-ratio:4\/3;object-fit:cover\"\/><\/figure>\n\n\n\n<div class=\"wp-block-group is-style-default is-layout-constrained wp-block-group-is-layout-constrained\">\n<h3 class=\"wp-block-heading has-text-align-center\">Analyse &amp; Betreuung<gwmw style=\"display: none; background-color: transparent;\"><\/gwmw><\/h3>\n\n\n\n<p class=\"has-text-align-center\">Regelm\u00e4\u00dfige Begehungen Ihres Betriebs<\/p>\n\n\n\n<p>Erstellung und Aktualisierung von Gef\u00e4hrdungsbeurteilungen<\/p>\n\n\n\n<p class=\"has-text-align-center\">\u00dcberpr\u00fcfung bestehender Sicherheitsma\u00dfnahmen<gwmw style=\"display:none;\"><\/gwmw><\/p>\n<\/div>\n<\/div>\n<\/div>\n\n\n\n<div class=\"wp-block-column ext-animate--on is-layout-flow wp-block-column-is-layout-flow\">\n<div class=\"wp-block-group is-style-ext-preset--group--natural-1--item-card-1--align-center is-layout-constrained wp-block-group-is-layout-constrained\">\n<figure class=\"wp-block-image size-full\"><img data-opt-id=1126822019  data-opt-src=\"https:\/\/ml6mm5zionw2.i.optimole.com\/w:auto\/h:auto\/q:mauto\/f:best\/https:\/\/ok-sifa.de\/wp-content\/uploads\/2026\/05\/Screenshot-2026-05-04-011940.png\"  decoding=\"async\" width=\"1104\" height=\"1586\" src=\"data:image/svg+xml,%3Csvg%20viewBox%3D%220%200%20100%%20100%%22%20width%3D%22100%%22%20height%3D%22100%%22%20xmlns%3D%22http%3A%2F%2Fwww.w3.org%2F2000%2Fsvg%22%3E%3Crect%20width%3D%22100%%22%20height%3D%22100%%22%20fill%3D%22transparent%22%2F%3E%3C%2Fsvg%3E\" alt=\"\" class=\"wp-image-279\" style=\"aspect-ratio:4\/3;object-fit:cover\"\/><\/figure>\n\n\n\n<div class=\"wp-block-group is-style-default is-layout-constrained wp-block-group-is-layout-constrained\">\n<h3 class=\"wp-block-heading has-text-align-center\">Dokumentation &amp; Organisation<gwmw style=\"display:none;\"><\/gwmw><\/h3>\n\n\n\n<div class=\"wp-block-group is-layout-constrained wp-block-group-is-layout-constrained\">\n<p class=\"has-text-align-center\">Erstellung von Betriebsanweisungen <\/p>\n\n\n\n<p class=\"has-text-align-center\">Unterst\u00fctzung bei der Umsetzung gesetzlicher Vorgaben <gwmw style=\"display:none;\"><\/gwmw><\/p>\n\n\n\n<p class=\"has-text-align-center\"><gwmw style=\"display:none;\"><\/gwmw><gwmw style=\"display:none;\"><\/gwmw><gwmw style=\"display:none;\"><\/gwmw><gwmw style=\"display:none;\"><\/gwmw>Einf\u00fchrung von Arbeitsschutzsystemen<\/p>\n<\/div>\n<\/div>\n<\/div>\n<\/div>\n\n\n\n<div class=\"wp-block-column ext-animate--on is-layout-flow wp-block-column-is-layout-flow\">\n<div class=\"wp-block-group is-style-ext-preset--group--natural-1--item-card-1--align-center is-layout-constrained wp-block-group-is-layout-constrained\">\n<figure class=\"wp-block-image size-full\"><img data-opt-id=1896074823  data-opt-src=\"https:\/\/ml6mm5zionw2.i.optimole.com\/w:auto\/h:auto\/q:mauto\/f:best\/https:\/\/ok-sifa.de\/wp-content\/uploads\/2026\/05\/Scvhulung-1.png\"  decoding=\"async\" width=\"1600\" height=\"1200\" src=\"data:image/svg+xml,%3Csvg%20viewBox%3D%220%200%20100%%20100%%22%20width%3D%22100%%22%20height%3D%22100%%22%20xmlns%3D%22http%3A%2F%2Fwww.w3.org%2F2000%2Fsvg%22%3E%3Crect%20width%3D%22100%%22%20height%3D%22100%%22%20fill%3D%22transparent%22%2F%3E%3C%2Fsvg%3E\" alt=\"\" class=\"wp-image-355\" style=\"aspect-ratio:4\/3;object-fit:cover\" old-srcset=\"https:\/\/ml6mm5zionw2.i.optimole.com\/w:1600\/h:1200\/q:mauto\/f:best\/https:\/\/ok-sifa.de\/wp-content\/uploads\/2026\/05\/Scvhulung-1.png 1600w, https:\/\/ml6mm5zionw2.i.optimole.com\/w:300\/h:225\/q:mauto\/f:best\/https:\/\/ok-sifa.de\/wp-content\/uploads\/2026\/05\/Scvhulung-1.png 300w, https:\/\/ml6mm5zionw2.i.optimole.com\/w:1024\/h:768\/q:mauto\/f:best\/https:\/\/ok-sifa.de\/wp-content\/uploads\/2026\/05\/Scvhulung-1.png 1024w, https:\/\/ml6mm5zionw2.i.optimole.com\/w:768\/h:576\/q:mauto\/f:best\/https:\/\/ok-sifa.de\/wp-content\/uploads\/2026\/05\/Scvhulung-1.png 768w, https:\/\/ml6mm5zionw2.i.optimole.com\/w:1536\/h:1152\/q:mauto\/f:best\/https:\/\/ok-sifa.de\/wp-content\/uploads\/2026\/05\/Scvhulung-1.png 1536w\" \/><\/figure>\n\n\n\n<div class=\"wp-block-group is-style-default is-layout-constrained wp-block-group-is-layout-constrained\">\n<h3 class=\"wp-block-heading has-text-align-center\">Schulung &amp; Unterweisung<gwmw style=\"display: none; background-color: transparent;\"><\/gwmw><\/h3>\n\n\n\n<p class=\"has-text-align-center\">Praxisnahe Schulungen f\u00fcr Ihre Mitarbeiter<\/p>\n\n\n\n<p>Unterweisungen verst\u00e4ndlich und direkt umsetzbar<\/p>\n\n\n\n<p class=\"has-text-align-center\">Unterst\u00fctzung von F\u00fchrungskr\u00e4ften im Arbeitsschutz<\/p>\n\n\n\n<p><strong>Umsetzung von Ma\u00dfnahmen<\/strong>         Beratung zur pers\u00f6nlichen Schutzausr\u00fcstung (PSA).         Optimierung von Arbeitspl\u00e4tzen und Abl\u00e4ufen.                         Unterst\u00fctzung bei der sicheren Gestaltung von Arbeitsbereichen.<\/p>\n\n\n\n<p class=\"has-text-align-center\"><\/p>\n<\/div>\n<\/div>\n<\/div>\n<\/div>\n\n\n\n<div class=\"wp-block-columns alignwide are-vertically-aligned-center is-layout-flex wp-container-core-columns-is-layout-174606dc wp-block-columns-is-layout-flex\">\n<div class=\"wp-block-column is-vertically-aligned-center is-layout-flow wp-block-column-is-layout-flow\">\n<h1 class=\"wp-block-heading ext-animate--on\">Warum Arbeitsschutz wichtig ist<gwmw style=\"display: none; background-color: transparent;\"><\/gwmw><\/h1>\n\n\n\n<p class=\"ext-animate--on\" style=\"margin-top:1.5rem\"><strong>Arbeitsschutz ist keine Pflicht\u00fcbung \u2013 sondern eine Investition:<\/strong><\/p>\n\n\n\n<ul class=\"wp-block-list\">\n<li>Weniger Unf\u00e4lle und Ausfallzeiten<\/li>\n\n\n\n<li>Mehr Sicherheit und Motivation im Team<\/li>\n\n\n\n<li>Schutz vor Bu\u00dfgeldern und rechtlichen Risiken<\/li>\n<\/ul>\n\n\n\n<p>Schon kleine Vers\u00e4umnisse k\u00f6nnen rechtliche Folgen haben \u2013 ich helfe Ihnen, das zu vermeiden.<\/p>\n\n\n\n<hr class=\"wp-block-separator has-alpha-channel-opacity\"\/>\n\n\n\n<h2 class=\"wp-block-heading\">Ihr Vorteil<\/h2>\n\n\n\n<p class=\"ext-animate--on\" style=\"margin-top:1.5rem\">Als externe Fachkraft f\u00fcr Arbeitssicherheit begleite ich Sie pers\u00f6nlich, praxisnah und zuverl\u00e4ssig.<br>Ich sorge daf\u00fcr, dass Sie sich auf Ihr Kerngesch\u00e4ft konzentrieren k\u00f6nnen \u2013 w\u00e4hrend ich den Arbeitsschutz im Blick behalte.<gwmw style=\"display:none;\"><\/gwmw><\/p>\n\n\n\n<div class=\"wp-block-buttons ext-animate--on is-layout-flex wp-block-buttons-is-layout-flex\">\n<div class=\"wp-block-button is-style-ext-preset--button--natural-1--button-1\"><a class=\"wp-block-button__link wp-element-button\" href=\"#extendify-hero-cta\">Erkunde mehr<\/a><\/div>\n<\/div>\n<\/div>\n\n\n\n<div class=\"wp-block-column is-vertically-aligned-center is-layout-flow wp-block-column-is-layout-flow\">\n<figure class=\"wp-block-image size-large is-style-ext-preset--image--natural-1--image-1--content-left ext-animate--on\"><img data-opt-id=876046439  data-opt-src=\"https:\/\/ml6mm5zionw2.i.optimole.com\/w:1024\/h:701\/q:mauto\/f:best\/https:\/\/ok-sifa.de\/wp-content\/uploads\/2026\/04\/Screenshot-2025-11-24-093056.jpg\"  decoding=\"async\" width=\"1024\" height=\"701\" src=\"data:image/svg+xml,%3Csvg%20viewBox%3D%220%200%201024%20701%22%20width%3D%221024%22%20height%3D%22701%22%20xmlns%3D%22http%3A%2F%2Fwww.w3.org%2F2000%2Fsvg%22%3E%3Crect%20width%3D%221024%22%20height%3D%22701%22%20fill%3D%22transparent%22%2F%3E%3C%2Fsvg%3E\" alt=\"\" class=\"wp-image-108\" style=\"aspect-ratio:1;object-fit:cover\" old-srcset=\"https:\/\/ml6mm5zionw2.i.optimole.com\/w:1024\/h:701\/q:mauto\/f:best\/https:\/\/ok-sifa.de\/wp-content\/uploads\/2026\/04\/Screenshot-2025-11-24-093056.jpg 1024w, https:\/\/ml6mm5zionw2.i.optimole.com\/w:300\/h:205\/q:mauto\/f:best\/https:\/\/ok-sifa.de\/wp-content\/uploads\/2026\/04\/Screenshot-2025-11-24-093056.jpg 300w, https:\/\/ml6mm5zionw2.i.optimole.com\/w:768\/h:525\/q:mauto\/f:best\/https:\/\/ok-sifa.de\/wp-content\/uploads\/2026\/04\/Screenshot-2025-11-24-093056.jpg 768w, https:\/\/ml6mm5zionw2.i.optimole.com\/w:1314\/h:899\/q:mauto\/f:best\/https:\/\/ok-sifa.de\/wp-content\/uploads\/2026\/04\/Screenshot-2025-11-24-093056.jpg 1314w\" \/><\/figure>\n<\/div>\n<\/div>\n<\/div>\n<\/div>\n\n\n\n<div class=\"inherit-container-width wp-block-group alignfull ext-hero-section is-style-ext-preset--group--natural-1--section has-background-background-color has-background is-layout-constrained wp-block-group-is-layout-constrained\" style=\"margin-top:0;margin-bottom:0;padding-top:var(--wp--preset--spacing--50);padding-bottom:var(--wp--preset--spacing--70)\"><\/div>\n\n\n\n<p><gwmw style=\"display:none;\"><\/gwmw><\/p>\n","protected":false},"excerpt":{"rendered":"<p>Sichern Sie sich praxisnahe Beratung &amp; nachhaltige Sicherheitserfolge. Hier erfahren Sie, wie meine Arbeitssicherheitsl\u00f6sungen Ihr Unternehmen sch\u00fctzen und gesetzeskonform st\u00e4rken. [&hellip;]<\/p>\n","protected":false},"author":1,"featured_media":0,"parent":0,"menu_order":0,"comment_status":"closed","ping_status":"closed","template":"","meta":{"site-sidebar-layout":"default","site-content-layout":"","ast-site-content-layout":"default","site-content-style":"default","site-sidebar-style":"default","ast-global-header-display":"","ast-banner-title-visibility":"","ast-main-header-display":"","ast-hfb-above-header-display":"","ast-hfb-below-header-display":"","ast-hfb-mobile-header-display":"","site-post-title":"","ast-breadcrumbs-content":"","ast-featured-img":"","footer-sml-layout":"","ast-disable-related-posts":"","theme-transparent-header-meta":"","adv-header-id-meta":"","stick-header-meta":"","header-above-stick-meta":"","header-main-stick-meta":"","header-below-stick-meta":"","astra-migrate-meta-layouts":"default","ast-page-background-enabled":"default","ast-page-background-meta":{"desktop":{"background-color":"var(--ast-global-color-5)","background-image":"","background-repeat":"repeat","background-position":"center center","background-size":"auto","background-attachment":"scroll","background-type":"","background-media":"","overlay-type":"","overlay-color":"","overlay-opacity":"","overlay-gradient":""},"tablet":{"background-color":"","background-image":"","background-repeat":"repeat","background-position":"center center","background-size":"auto","background-attachment":"scroll","background-type":"","background-media":"","overlay-type":"","overlay-color":"","overlay-opacity":"","overlay-gradient":""},"mobile":{"background-color":"","background-image":"","background-repeat":"repeat","background-position":"center center","background-size":"auto","background-attachment":"scroll","background-type":"","background-media":"","overlay-type":"","overlay-color":"","overlay-opacity":"","overlay-gradient":""}},"ast-content-background-meta":{"desktop":{"background-color":"var(--ast-global-color-4)","background-image":"","background-repeat":"repeat","background-position":"center center","background-size":"auto","background-attachment":"scroll","background-type":"","background-media":"","overlay-type":"","overlay-color":"","overlay-opacity":"","overlay-gradient":""},"tablet":{"background-color":"var(--ast-global-color-4)","background-image":"","background-repeat":"repeat","background-position":"center center","background-size":"auto","background-attachment":"scroll","background-type":"","background-media":"","overlay-type":"","overlay-color":"","overlay-opacity":"","overlay-gradient":""},"mobile":{"background-color":"var(--ast-global-color-4)","background-image":"","background-repeat":"repeat","background-position":"center center","background-size":"auto","background-attachment":"scroll","background-type":"","background-media":"","overlay-type":"","overlay-color":"","overlay-opacity":"","overlay-gradient":""}},"_themeisle_gutenberg_block_has_review":false,"footnotes":""},"class_list":["post-342","page","type-page","status-publish","hentry"],"_links":{"self":[{"href":"https:\/\/ok-sifa.de\/index.php?rest_route=\/wp\/v2\/pages\/342","targetHints":{"allow":["GET"]}}],"collection":[{"href":"https:\/\/ok-sifa.de\/index.php?rest_route=\/wp\/v2\/pages"}],"about":[{"href":"https:\/\/ok-sifa.de\/index.php?rest_route=\/wp\/v2\/types\/page"}],"author":[{"embeddable":true,"href":"https:\/\/ok-sifa.de\/index.php?rest_route=\/wp\/v2\/users\/1"}],"replies":[{"embeddable":true,"href":"https:\/\/ok-sifa.de\/index.php?rest_route=%2Fwp%2Fv2%2Fcomments&post=342"}],"version-history":[{"count":10,"href":"https:\/\/ok-sifa.de\/index.php?rest_route=\/wp\/v2\/pages\/342\/revisions"}],"predecessor-version":[{"id":373,"href":"https:\/\/ok-sifa.de\/index.php?rest_route=\/wp\/v2\/pages\/342\/revisions\/373"}],"wp:attachment":[{"href":"https:\/\/ok-sifa.de\/index.php?rest_route=%2Fwp%2Fv2%2Fmedia&parent=342"}],"curies":[{"name":"wp","href":"https:\/\/api.w.org\/{rel}","templated":true}]}}