{"id":15,"date":"2026-04-27T11:48:36","date_gmt":"2026-04-27T11:48:36","guid":{"rendered":"https:\/\/ok-sifa.de\/start\/"},"modified":"2026-05-05T01:57:05","modified_gmt":"2026-05-05T01:57:05","slug":"start","status":"publish","type":"page","link":"https:\/\/ok-sifa.de\/","title":{"rendered":"ARBEITSSCHUTZ &amp; BRANDSCHUTZ"},"content":{"rendered":"\n<div class=\"wp-block-group is-layout-constrained wp-block-group-is-layout-constrained\">\n<figure class=\"wp-block-image size-large is-resized\"><img data-opt-id=1214491104  fetchpriority=\"high\" decoding=\"async\" width=\"1024\" height=\"623\" src=\"https:\/\/ml6mm5zionw2.i.optimole.com\/w:1024\/h:623\/q:mauto\/f:best\/https:\/\/ok-sifa.de\/wp-content\/uploads\/2026\/05\/IMG_9959-1.jpg\" alt=\"\" class=\"wp-image-324\" style=\"aspect-ratio:1.6436848381080502;width:658px;height:auto\" srcset=\"https:\/\/ml6mm5zionw2.i.optimole.com\/w:1024\/h:623\/q:mauto\/f:best\/https:\/\/ok-sifa.de\/wp-content\/uploads\/2026\/05\/IMG_9959-1-scaled.jpg 1024w, https:\/\/ml6mm5zionw2.i.optimole.com\/w:300\/h:183\/q:mauto\/f:best\/https:\/\/ok-sifa.de\/wp-content\/uploads\/2026\/05\/IMG_9959-1-scaled.jpg 300w, https:\/\/ml6mm5zionw2.i.optimole.com\/w:768\/h:467\/q:mauto\/f:best\/https:\/\/ok-sifa.de\/wp-content\/uploads\/2026\/05\/IMG_9959-1-scaled.jpg 768w, https:\/\/ml6mm5zionw2.i.optimole.com\/w:1536\/h:935\/q:mauto\/f:best\/https:\/\/ok-sifa.de\/wp-content\/uploads\/2026\/05\/IMG_9959-1-scaled.jpg 1536w, https:\/\/ml6mm5zionw2.i.optimole.com\/w:1920\/h:1168\/q:mauto\/f:best\/https:\/\/ok-sifa.de\/wp-content\/uploads\/2026\/05\/IMG_9959-1-scaled.jpg 2048w\" sizes=\"(max-width: 1000px) 100vw, 1000px\" \/><figcaption class=\"wp-element-caption\"><gwmw style=\"display:none;\"><\/gwmw><\/figcaption><\/figure>\n<\/div>\n\n\n\n<div class=\"inherit-container-width wp-block-group alignfull is-style-ext-preset--group--natural-1--section has-background-background-color has-background is-layout-constrained wp-container-core-group-is-layout-e955bbaf wp-block-group-is-layout-constrained\" style=\"margin-top:0;margin-bottom:0;padding-top:var(--wp--preset--spacing--70);padding-bottom:var(--wp--preset--spacing--70)\">\n<h2 class=\"wp-block-heading has-text-align-center ext-animate--on\"><strong>Ich unterst\u00fctze Sie zuverl\u00e4ssig bei allen Themen rund um Arbeitsschutz, Brandschutz, Pr\u00fcfungen und Sicherheit \u2013 individuell, gesetzeskonform und praxisnah.<\/strong><\/h2>\n\n\n\n<div class=\"inherit-container-width wp-block-group alignfull is-style-ext-preset--group--natural-1--section has-background-background-color has-background is-layout-constrained wp-container-core-group-is-layout-e955bbaf wp-block-group-is-layout-constrained\" style=\"margin-top:0;margin-bottom:0;padding-top:var(--wp--preset--spacing--70);padding-bottom:var(--wp--preset--spacing--70)\">\n<h2 class=\"wp-block-heading has-text-align-center ext-animate--on\">Meine Leistungen im \u00dcberblick<\/h2>\n\n\n\n<div class=\"wp-block-columns alignwide is-layout-flex wp-container-core-columns-is-layout-08c01c1c wp-block-columns-is-layout-flex\">\n<div class=\"wp-block-column ext-animate--on is-layout-flow wp-block-column-is-layout-flow\">\n<div class=\"wp-block-group is-style-ext-preset--group--natural-1--item-card-1--align-center is-layout-constrained wp-block-group-is-layout-constrained\">\n<figure class=\"wp-block-image size-large\"><img data-opt-id=876046439  fetchpriority=\"high\" decoding=\"async\" width=\"1024\" height=\"701\" src=\"https:\/\/ml6mm5zionw2.i.optimole.com\/w:1024\/h:701\/q:mauto\/f:best\/https:\/\/ok-sifa.de\/wp-content\/uploads\/2026\/04\/Screenshot-2025-11-24-093056.jpg\" alt=\"\" class=\"wp-image-108\" style=\"aspect-ratio:4\/3;object-fit:cover\" srcset=\"https:\/\/ml6mm5zionw2.i.optimole.com\/w:1024\/h:701\/q:mauto\/f:best\/https:\/\/ok-sifa.de\/wp-content\/uploads\/2026\/04\/Screenshot-2025-11-24-093056.jpg 1024w, https:\/\/ml6mm5zionw2.i.optimole.com\/w:300\/h:205\/q:mauto\/f:best\/https:\/\/ok-sifa.de\/wp-content\/uploads\/2026\/04\/Screenshot-2025-11-24-093056.jpg 300w, https:\/\/ml6mm5zionw2.i.optimole.com\/w:768\/h:525\/q:mauto\/f:best\/https:\/\/ok-sifa.de\/wp-content\/uploads\/2026\/04\/Screenshot-2025-11-24-093056.jpg 768w, https:\/\/ml6mm5zionw2.i.optimole.com\/w:1314\/h:899\/q:mauto\/f:best\/https:\/\/ok-sifa.de\/wp-content\/uploads\/2026\/04\/Screenshot-2025-11-24-093056.jpg 1314w\" sizes=\"(max-width: 1000px) 100vw, 1000px\" \/><\/figure>\n\n\n\n<div class=\"wp-block-group is-style-default is-layout-constrained wp-block-group-is-layout-constrained\">\n<h3 class=\"wp-block-heading has-text-align-center\"><a href=\"https:\/\/ok-sifa.de\/buchung\/\" data-type=\"page\" data-id=\"17\">Arbeitssicherheit<\/a><\/h3>\n\n\n\n<p class=\"has-text-align-center\"><a href=\"https:\/\/ok-sifa.de\/?page_id=249\" data-type=\"page\" data-id=\"249\">Externe Fachkraft Arbeitssicherheit<\/a><\/p>\n\n\n\n<p class=\"has-text-align-center\"><a href=\"https:\/\/ok-sifa.de\/?page_id=235\" data-type=\"page\" data-id=\"235\">Betriebsanweisungen<\/a><\/p>\n\n\n\n<p class=\"has-text-align-center\"><a href=\"https:\/\/ok-sifa.de\/?page_id=231\" data-type=\"page\" data-id=\"231\">Gef\u00e4hrdungsbeurteilung<\/a><gwmw style=\"display: none; background-color: transparent;\"><\/gwmw><\/p>\n\n\n\n<p class=\"has-text-align-center\">Fachkraft f\u00fcr Arbeitssicherheit<br>Sicherheitstechnische Betreuung<br>Gef\u00e4hrdungsbeurteilungen<br>DGUV-Unterweisung<br>Betriebsanweisungen<\/p>\n<\/div>\n<\/div>\n<\/div>\n\n\n\n<div class=\"wp-block-column ext-animate--on is-layout-flow wp-block-column-is-layout-flow\">\n<div class=\"wp-block-group is-style-ext-preset--group--natural-1--item-card-1--align-center is-layout-constrained wp-block-group-is-layout-constrained\">\n<figure class=\"wp-block-image size-full\"><img data-opt-id=381287077  data-opt-src=\"https:\/\/ml6mm5zionw2.i.optimole.com\/w:auto\/h:auto\/q:mauto\/f:best\/https:\/\/ok-sifa.de\/wp-content\/uploads\/2026\/04\/1-13.jpg\"  decoding=\"async\" width=\"1200\" height=\"600\" src=\"data:image/svg+xml,%3Csvg%20viewBox%3D%220%200%20100%%20100%%22%20width%3D%22100%%22%20height%3D%22100%%22%20xmlns%3D%22http%3A%2F%2Fwww.w3.org%2F2000%2Fsvg%22%3E%3Crect%20width%3D%22100%%22%20height%3D%22100%%22%20fill%3D%22transparent%22%2F%3E%3C%2Fsvg%3E\" alt=\"\" class=\"wp-image-82\" style=\"aspect-ratio:4\/3;object-fit:cover\" old-srcset=\"https:\/\/ml6mm5zionw2.i.optimole.com\/w:1200\/h:600\/q:mauto\/f:best\/https:\/\/ok-sifa.de\/wp-content\/uploads\/2026\/04\/1-13.jpg 1200w, https:\/\/ml6mm5zionw2.i.optimole.com\/w:300\/h:150\/q:mauto\/f:best\/https:\/\/ok-sifa.de\/wp-content\/uploads\/2026\/04\/1-13.jpg 300w, https:\/\/ml6mm5zionw2.i.optimole.com\/w:1024\/h:512\/q:mauto\/f:best\/https:\/\/ok-sifa.de\/wp-content\/uploads\/2026\/04\/1-13.jpg 1024w, https:\/\/ml6mm5zionw2.i.optimole.com\/w:768\/h:384\/q:mauto\/f:best\/https:\/\/ok-sifa.de\/wp-content\/uploads\/2026\/04\/1-13.jpg 768w\" \/><\/figure>\n\n\n\n<div class=\"wp-block-group is-style-default is-layout-constrained wp-block-group-is-layout-constrained\">\n<h3 class=\"wp-block-heading has-text-align-center\"><a href=\"https:\/\/ok-sifa.de\/dienstleistungen\/\" data-type=\"page\" data-id=\"20\">Brandschutz<\/a><\/h3>\n\n\n\n<p class=\"has-text-align-center\"><a href=\"https:\/\/ok-sifa.de\/?page_id=277\" data-type=\"page\" data-id=\"277\">Brandschutzhelfer Ausbildung<\/a><gwmw style=\"display: none; background-color: transparent;\"><\/gwmw><gwmw style=\"display: none; background-color: transparent;\"><\/gwmw><gwmw style=\"display:none;\"><\/gwmw><\/p>\n\n\n\n<p class=\"has-text-align-center\">Brandschutzhelfer &amp; Evakuierungshelfer<br>Brandschutzordnung<gwmw style=\"display:none;\"><\/gwmw><\/p>\n<\/div>\n<\/div>\n<\/div>\n\n\n\n<div class=\"wp-block-column ext-animate--on is-layout-flow wp-block-column-is-layout-flow\">\n<div class=\"wp-block-group is-style-ext-preset--group--natural-1--item-card-1--align-center is-layout-constrained wp-block-group-is-layout-constrained\">\n<figure class=\"wp-block-image size-full\"><img data-opt-id=218561681  data-opt-src=\"https:\/\/ml6mm5zionw2.i.optimole.com\/w:auto\/h:auto\/q:mauto\/f:best\/https:\/\/ok-sifa.de\/wp-content\/uploads\/2026\/04\/453552086_962688855631955_619211934131874120_n-1.jpg\"  decoding=\"async\" width=\"640\" height=\"640\" src=\"data:image/svg+xml,%3Csvg%20viewBox%3D%220%200%20100%%20100%%22%20width%3D%22100%%22%20height%3D%22100%%22%20xmlns%3D%22http%3A%2F%2Fwww.w3.org%2F2000%2Fsvg%22%3E%3Crect%20width%3D%22100%%22%20height%3D%22100%%22%20fill%3D%22transparent%22%2F%3E%3C%2Fsvg%3E\" alt=\"\" class=\"wp-image-176\" style=\"aspect-ratio:4\/3;object-fit:cover\" old-srcset=\"https:\/\/ml6mm5zionw2.i.optimole.com\/w:640\/h:640\/q:mauto\/f:best\/https:\/\/ok-sifa.de\/wp-content\/uploads\/2026\/04\/453552086_962688855631955_619211934131874120_n-1.jpg 640w, https:\/\/ml6mm5zionw2.i.optimole.com\/w:300\/h:300\/q:mauto\/f:best\/https:\/\/ok-sifa.de\/wp-content\/uploads\/2026\/04\/453552086_962688855631955_619211934131874120_n-1.jpg 300w, https:\/\/ml6mm5zionw2.i.optimole.com\/w:150\/h:150\/q:mauto\/f:best\/https:\/\/ok-sifa.de\/wp-content\/uploads\/2026\/04\/453552086_962688855631955_619211934131874120_n-1.jpg 150w, https:\/\/ml6mm5zionw2.i.optimole.com\/w:111\/h:111\/q:mauto\/f:best\/dpr:2\/https:\/\/ok-sifa.de\/wp-content\/uploads\/2026\/04\/453552086_962688855631955_619211934131874120_n-1.jpg 111w\" \/><\/figure>\n\n\n\n<div class=\"wp-block-group is-style-default is-layout-constrained wp-block-group-is-layout-constrained\">\n<h3 class=\"wp-block-heading has-text-align-center\">Betriebsmittelsicherheit<\/h3>\n\n\n\n<p class=\"has-text-align-center\"><a href=\"https:\/\/ok-sifa.de\/?page_id=396\" data-type=\"page\" data-id=\"396\">Regalpr\u00fcfung DIN EN 15635<\/a><gwmw style=\"display: none; background-color: transparent;\"><\/gwmw><gwmw style=\"display: none; background-color: transparent;\"><\/gwmw><gwmw style=\"display:none;\"><\/gwmw><\/p>\n\n\n\n<p class=\"has-text-align-center\">Regalpr\u00fcfungen                         Pr\u00fcfungen von Leitern und Tritten<\/p>\n<\/div>\n<\/div>\n<\/div>\n<\/div>\n<\/div>\n\n\n\n<div class=\"inherit-container-width wp-block-group alignfull is-style-ext-preset--group--natural-1--section has-background-background-color has-background is-layout-constrained wp-container-core-group-is-layout-e955bbaf wp-block-group-is-layout-constrained\" style=\"margin-top:0;margin-bottom:0;padding-top:var(--wp--preset--spacing--70);padding-bottom:var(--wp--preset--spacing--70)\">\n<div class=\"wp-block-columns alignwide is-layout-flex wp-container-core-columns-is-layout-08c01c1c wp-block-columns-is-layout-flex\">\n<div class=\"wp-block-column ext-animate--on is-layout-flow wp-block-column-is-layout-flow\">\n<div class=\"wp-block-group is-style-ext-preset--group--natural-1--item-card-1--align-center is-layout-constrained wp-block-group-is-layout-constrained\">\n<figure class=\"wp-block-image size-full\"><img data-opt-id=2053348134  data-opt-src=\"https:\/\/ml6mm5zionw2.i.optimole.com\/w:auto\/h:auto\/q:mauto\/f:best\/https:\/\/ok-sifa.de\/wp-content\/uploads\/2026\/04\/1-8-1.jpg\"  decoding=\"async\" width=\"480\" height=\"480\" src=\"data:image/svg+xml,%3Csvg%20viewBox%3D%220%200%20100%%20100%%22%20width%3D%22100%%22%20height%3D%22100%%22%20xmlns%3D%22http%3A%2F%2Fwww.w3.org%2F2000%2Fsvg%22%3E%3Crect%20width%3D%22100%%22%20height%3D%22100%%22%20fill%3D%22transparent%22%2F%3E%3C%2Fsvg%3E\" alt=\"\" class=\"wp-image-174\" style=\"aspect-ratio:4\/3;object-fit:cover\" old-srcset=\"https:\/\/ml6mm5zionw2.i.optimole.com\/w:480\/h:480\/q:mauto\/f:best\/https:\/\/ok-sifa.de\/wp-content\/uploads\/2026\/04\/1-8-1.jpg 480w, https:\/\/ml6mm5zionw2.i.optimole.com\/w:300\/h:300\/q:mauto\/f:best\/https:\/\/ok-sifa.de\/wp-content\/uploads\/2026\/04\/1-8-1.jpg 300w, https:\/\/ml6mm5zionw2.i.optimole.com\/w:150\/h:150\/q:mauto\/f:best\/https:\/\/ok-sifa.de\/wp-content\/uploads\/2026\/04\/1-8-1.jpg 150w, https:\/\/ml6mm5zionw2.i.optimole.com\/w:111\/h:111\/q:mauto\/f:best\/dpr:2\/https:\/\/ok-sifa.de\/wp-content\/uploads\/2026\/04\/1-8-1.jpg 111w\" \/><\/figure>\n\n\n\n<div class=\"wp-block-group is-style-default is-layout-constrained wp-block-group-is-layout-constrained\">\n<h3 class=\"wp-block-heading has-text-align-center\">Kranf\u00fchrer Grundkurs Ausbildung<\/h3>\n\n\n\n<p class=\"has-text-align-center\"><a href=\"https:\/\/ok-sifa.de\/?page_id=289\" data-type=\"page\" data-id=\"289\">Kranf\u00fchrer Grundkurs Ausbildung<\/a><gwmw style=\"display:none;\"><\/gwmw><gwmw style=\"display:none;\"><\/gwmw><\/p>\n\n\n\n<p class=\"has-text-align-center\"><strong>Kranf\u00fchrerausbildung &amp; j\u00e4hrliche Unterweisung<\/strong><\/p>\n\n\n\n<p class=\"has-text-align-center\">Sorgen Sie f\u00fcr maximale Sicherheit und erf\u00fcllen Sie gleichzeitig alle gesetzlichen Vorgaben: Wir bieten Ihnen eine praxisorientierte Ausbildung f\u00fcr Kranf\u00fchrer gem\u00e4\u00df den Vorschriften der Berufsgenossenschaften (u. a. BGV D6).<gwmw style=\"display:none;\"><\/gwmw><\/p>\n<\/div>\n<\/div>\n<\/div>\n\n\n\n<div class=\"wp-block-column ext-animate--on is-layout-flow wp-block-column-is-layout-flow\">\n<div class=\"wp-block-group is-style-ext-preset--group--natural-1--item-card-1--align-center is-layout-constrained wp-block-group-is-layout-constrained\">\n<figure class=\"wp-block-image size-large\"><img data-opt-id=994766739  data-opt-src=\"https:\/\/ml6mm5zionw2.i.optimole.com\/w:1024\/h:722\/q:mauto\/f:best\/https:\/\/ok-sifa.de\/wp-content\/uploads\/2026\/05\/1-10.jpg\"  decoding=\"async\" width=\"1024\" height=\"722\" src=\"data:image/svg+xml,%3Csvg%20viewBox%3D%220%200%201024%20722%22%20width%3D%221024%22%20height%3D%22722%22%20xmlns%3D%22http%3A%2F%2Fwww.w3.org%2F2000%2Fsvg%22%3E%3Crect%20width%3D%221024%22%20height%3D%22722%22%20fill%3D%22transparent%22%2F%3E%3C%2Fsvg%3E\" alt=\"\" class=\"wp-image-259\" style=\"aspect-ratio:4\/3;object-fit:cover\" old-srcset=\"https:\/\/ml6mm5zionw2.i.optimole.com\/w:1024\/h:722\/q:mauto\/f:best\/https:\/\/ok-sifa.de\/wp-content\/uploads\/2026\/05\/1-10.jpg 1024w, https:\/\/ml6mm5zionw2.i.optimole.com\/w:300\/h:212\/q:mauto\/f:best\/https:\/\/ok-sifa.de\/wp-content\/uploads\/2026\/05\/1-10.jpg 300w, https:\/\/ml6mm5zionw2.i.optimole.com\/w:768\/h:542\/q:mauto\/f:best\/https:\/\/ok-sifa.de\/wp-content\/uploads\/2026\/05\/1-10.jpg 768w, https:\/\/ml6mm5zionw2.i.optimole.com\/w:1140\/h:804\/q:mauto\/f:best\/https:\/\/ok-sifa.de\/wp-content\/uploads\/2026\/05\/1-10.jpg 1140w\" \/><\/figure>\n\n\n\n<div class=\"wp-block-group is-style-default is-layout-constrained wp-block-group-is-layout-constrained\">\n<h3 class=\"wp-block-heading has-text-align-center\">Staplerfahrer Ausbildung &amp; j\u00e4hrliche Unterweisung<\/h3>\n\n\n\n<p class=\"has-text-align-center\"><a href=\"https:\/\/ok-sifa.de\/?page_id=297\" data-type=\"page\" data-id=\"297\">Staplerfahrer Ausbildung<\/a><gwmw style=\"display:none;\"><\/gwmw><\/p>\n\n\n\n<p class=\"has-text-align-center\">Sorgen Sie f\u00fcr einen sicheren und reibungslosen Betriebsablauf: Wir bieten Ihnen eine praxisorientierte Ausbildung f\u00fcr Staplerfahrer gem\u00e4\u00df den Vorgaben der Berufsgenossenschaften (u. a. DGUV Vorschrift 68.<\/p>\n\n\n\n<p class=\"has-text-align-center\"><gwmw style=\"display:none;\"><\/gwmw><\/p>\n<\/div>\n<\/div>\n<\/div>\n\n\n\n<div class=\"wp-block-column ext-animate--on is-layout-flow wp-block-column-is-layout-flow\">\n<div class=\"wp-block-group is-style-ext-preset--group--natural-1--item-card-1--align-center is-layout-constrained wp-block-group-is-layout-constrained\">\n<figure class=\"wp-block-image size-full\"><img data-opt-id=1484416313  data-opt-src=\"https:\/\/ml6mm5zionw2.i.optimole.com\/w:auto\/h:auto\/q:mauto\/f:best\/https:\/\/ok-sifa.de\/wp-content\/uploads\/2026\/04\/medicine-student-doing-their-practice-hospital.jpg\"  decoding=\"async\" src=\"data:image/svg+xml,%3Csvg%20viewBox%3D%220%200%20100%%20100%%22%20width%3D%22100%%22%20height%3D%22100%%22%20xmlns%3D%22http%3A%2F%2Fwww.w3.org%2F2000%2Fsvg%22%3E%3Crect%20width%3D%22100%%22%20height%3D%22100%%22%20fill%3D%22transparent%22%2F%3E%3C%2Fsvg%3E\" alt=\"\" class=\"wp-image-178\" style=\"aspect-ratio:4\/3;object-fit:cover\"\/><\/figure>\n\n\n\n<div class=\"wp-block-group is-style-default is-layout-constrained wp-block-group-is-layout-constrained\">\n<h3 class=\"wp-block-heading has-text-align-center\">Ersthelfer-Ausbildung &amp; Fortbildung<\/h3>\n\n\n\n<p class=\"has-text-align-center\"><a href=\"https:\/\/ok-sifa.de\/?page_id=301\" data-type=\"page\" data-id=\"301\">Ersthelferausbildung<\/a><gwmw style=\"display:none;\"><\/gwmw><\/p>\n\n\n\n<p class=\"has-text-align-center\">Wir bilden Ihre Mitarbeiter zu Ersthelfern gem\u00e4\u00df DGUV Vorschrift 1 aus \u2013 praxisnah und rechtssicher.<br>Die Ausbildung umfasst einen Erste-Hilfe-Lehrgang und muss alle zwei Jahre durch eine Fortbildung aufgefrischt werden.<\/p>\n\n\n\n<p class=\"has-text-align-center\">Wir unterst\u00fctzen Sie dabei, die vorgeschriebene Anzahl an Ersthelfern im Betrieb zu erf\u00fcllen.<br>Die Kosten werden in der Regel von den Unfallversicherungstr\u00e4gern \u00fcbernommen.<gwmw style=\"display:none;\"><\/gwmw><gwmw style=\"display:none;\"><\/gwmw><gwmw style=\"display:none;\"><\/gwmw><gwmw style=\"display:none;\"><\/gwmw><\/p>\n<\/div>\n<\/div>\n<\/div>\n<\/div>\n\n\n\n<h3 class=\"wp-block-heading has-text-align-center\"><gwmw style=\"display:none;\"><\/gwmw><gwmw style=\"display:none;\"><\/gwmw><gwmw style=\"display:none;\"><\/gwmw><gwmw style=\"display:none;\"><\/gwmw><\/h3>\n<\/div>\n\n\n\n<div class=\"wp-block-group is-nowrap is-layout-flex wp-container-core-group-is-layout-6c531013 wp-block-group-is-layout-flex\">\n<div class=\"wp-block-buttons is-content-justification-space-between is-layout-flex wp-container-core-buttons-is-layout-b2891da8 wp-block-buttons-is-layout-flex\">\n<div class=\"wp-block-button\"><a class=\"wp-block-button__link wp-element-button\" href=\"https:\/\/ok-sifa.de\/?page_id=18\">Kontakt<\/a><\/div>\n<\/div>\n\n\n\n<div class=\"wp-block-group is-nowrap is-layout-flex wp-container-core-group-is-layout-6c531013 wp-block-group-is-layout-flex\">\n<div class=\"wp-block-buttons is-layout-flex wp-block-buttons-is-layout-flex\">\n<div class=\"wp-block-button\"><a class=\"wp-block-button__link has-text-align-right wp-element-button\" href=\"https:\/\/ok-sifa.de\/?page_id=23\">Impressum<gwmw style=\"display:none;\"><\/gwmw><\/a><\/div>\n\n\n\n<div class=\"wp-block-button\"><a class=\"wp-block-button__link wp-element-button\" href=\"https:\/\/ok-sifa.de\/?page_id=142\">Datenschutz<gwmw style=\"display:none;\"><\/gwmw><\/a><\/div>\n<\/div>\n<\/div>\n\n\n\n<p class=\"has-text-align-center\"><gwmw style=\"display:none;\"><\/gwmw><\/p>\n\n\n\n<p><gwmw style=\"display:none;\"><\/gwmw><\/p>\n\n\n\n<p><gwmw style=\"display:none;\"><\/gwmw><\/p>\n<\/div>\n\n\n\n<p><\/p>\n<\/div>\n\n\n\n<p><gwmw style=\"display: none; background-color: transparent;\"><\/gwmw><gwmw style=\"display:none;\"><\/gwmw><\/p>\n\n\n\n<p><\/p>\n\n\n\n<p><\/p>\n\n\n\n<p><gwmw style=\"display:none;\"><\/gwmw><\/p>\n","protected":false},"excerpt":{"rendered":"<p>Ich unterst\u00fctze Sie zuverl\u00e4ssig bei allen Themen rund um Arbeitsschutz, Brandschutz, Pr\u00fcfungen und Sicherheit \u2013 individuell, gesetzeskonform und praxisnah. Meine [&hellip;]<\/p>\n","protected":false},"author":1,"featured_media":0,"parent":0,"menu_order":0,"comment_status":"closed","ping_status":"closed","template":"","meta":{"site-sidebar-layout":"default","site-content-layout":"","ast-site-content-layout":"default","site-content-style":"default","site-sidebar-style":"default","ast-global-header-display":"","ast-banner-title-visibility":"","ast-main-header-display":"","ast-hfb-above-header-display":"","ast-hfb-below-header-display":"","ast-hfb-mobile-header-display":"","site-post-title":"","ast-breadcrumbs-content":"","ast-featured-img":"","footer-sml-layout":"","ast-disable-related-posts":"","theme-transparent-header-meta":"","adv-header-id-meta":"","stick-header-meta":"","header-above-stick-meta":"","header-main-stick-meta":"","header-below-stick-meta":"","astra-migrate-meta-layouts":"default","ast-page-background-enabled":"default","ast-page-background-meta":{"desktop":{"background-color":"var(--ast-global-color-5)","background-image":"","background-repeat":"repeat","background-position":"center center","background-size":"auto","background-attachment":"scroll","background-type":"","background-media":"","overlay-type":"","overlay-color":"","overlay-opacity":"","overlay-gradient":""},"tablet":{"background-color":"","background-image":"","background-repeat":"repeat","background-position":"center center","background-size":"auto","background-attachment":"scroll","background-type":"","background-media":"","overlay-type":"","overlay-color":"","overlay-opacity":"","overlay-gradient":""},"mobile":{"background-color":"","background-image":"","background-repeat":"repeat","background-position":"center center","background-size":"auto","background-attachment":"scroll","background-type":"","background-media":"","overlay-type":"","overlay-color":"","overlay-opacity":"","overlay-gradient":""}},"ast-content-background-meta":{"desktop":{"background-color":"var(--ast-global-color-4)","background-image":"","background-repeat":"repeat","background-position":"center center","background-size":"auto","background-attachment":"scroll","background-type":"","background-media":"","overlay-type":"","overlay-color":"","overlay-opacity":"","overlay-gradient":""},"tablet":{"background-color":"var(--ast-global-color-4)","background-image":"","background-repeat":"repeat","background-position":"center center","background-size":"auto","background-attachment":"scroll","background-type":"","background-media":"","overlay-type":"","overlay-color":"","overlay-opacity":"","overlay-gradient":""},"mobile":{"background-color":"var(--ast-global-color-4)","background-image":"","background-repeat":"repeat","background-position":"center center","background-size":"auto","background-attachment":"scroll","background-type":"","background-media":"","overlay-type":"","overlay-color":"","overlay-opacity":"","overlay-gradient":""}},"_themeisle_gutenberg_block_has_review":false,"footnotes":""},"class_list":["post-15","page","type-page","status-publish","hentry"],"_links":{"self":[{"href":"https:\/\/ok-sifa.de\/index.php?rest_route=\/wp\/v2\/pages\/15","targetHints":{"allow":["GET"]}}],"collection":[{"href":"https:\/\/ok-sifa.de\/index.php?rest_route=\/wp\/v2\/pages"}],"about":[{"href":"https:\/\/ok-sifa.de\/index.php?rest_route=\/wp\/v2\/types\/page"}],"author":[{"embeddable":true,"href":"https:\/\/ok-sifa.de\/index.php?rest_route=\/wp\/v2\/users\/1"}],"replies":[{"embeddable":true,"href":"https:\/\/ok-sifa.de\/index.php?rest_route=%2Fwp%2Fv2%2Fcomments&post=15"}],"version-history":[{"count":48,"href":"https:\/\/ok-sifa.de\/index.php?rest_route=\/wp\/v2\/pages\/15\/revisions"}],"predecessor-version":[{"id":537,"href":"https:\/\/ok-sifa.de\/index.php?rest_route=\/wp\/v2\/pages\/15\/revisions\/537"}],"wp:attachment":[{"href":"https:\/\/ok-sifa.de\/index.php?rest_route=%2Fwp%2Fv2%2Fmedia&parent=15"}],"curies":[{"name":"wp","href":"https:\/\/api.w.org\/{rel}","templated":true}]}}